{"id":2518,"date":"2024-10-14T13:22:35","date_gmt":"2024-10-14T11:22:35","guid":{"rendered":"https:\/\/dev.ouvreboite.fr\/marsatac\/?page_id=2518"},"modified":"2025-03-30T22:14:38","modified_gmt":"2025-03-30T20:14:38","slug":"durable-solidaire","status":"publish","type":"page","link":"https:\/\/dev.ouvreboite.fr\/marsatac\/durable-solidaire\/","title":{"rendered":"Festival Durable et Solidaire"},"content":{"rendered":"<p>Lanc\u00e9 en 2008, le programme <strong>Marsatac Durable et Solidaire<\/strong> n\u2019a eu de cesse de s\u2019enrichir de nouvelles actions, ann\u00e9es apr\u00e8s ann\u00e9es. Revalorisation de ses d\u00e9chets, mobilit\u00e9s douces et collectives, accompagnement des enjeux soci\u00e9taux contemporains, mesures en faveur de l\u2019inclusion, de la solidarit\u00e9, de l\u2019accessibilit\u00e9\u2026 Autant de sujets sur lesquels le festival s\u2019engage r\u00e9solument, en accord avec l\u2019ensemble de ses valeurs regroup\u00e9es autour de 5 axes historiques.<\/p>\n","protected":false},"excerpt":{"rendered":"<p>Lanc\u00e9 en 2008, le programme Marsatac Durable et Solidaire n\u2019a eu de cesse de s\u2019enrichir de nouvelles actions, ann\u00e9es apr\u00e8s ann\u00e9es. Revalorisation de ses d\u00e9chets, mobilit\u00e9s douces et collectives, accompagnement des enjeux soci\u00e9taux contemporains, mesures en faveur de l\u2019inclusion, de la solidarit\u00e9, de l\u2019accessibilit\u00e9\u2026 Autant de sujets sur lesquels le festival s\u2019engage r\u00e9solument, en accord [&hellip;]<\/p>\n","protected":false},"author":1,"featured_media":0,"parent":0,"menu_order":18,"comment_status":"closed","ping_status":"closed","template":"","meta":{"_acf_changed":false,"inline_featured_image":false,"footnotes":""},"class_list":["post-2518","page","type-page","status-publish","hentry"],"acf":[],"_links":{"self":[{"href":"https:\/\/dev.ouvreboite.fr\/marsatac\/wp-json\/wp\/v2\/pages\/2518","targetHints":{"allow":["GET"]}}],"collection":[{"href":"https:\/\/dev.ouvreboite.fr\/marsatac\/wp-json\/wp\/v2\/pages"}],"about":[{"href":"https:\/\/dev.ouvreboite.fr\/marsatac\/wp-json\/wp\/v2\/types\/page"}],"author":[{"embeddable":true,"href":"https:\/\/dev.ouvreboite.fr\/marsatac\/wp-json\/wp\/v2\/users\/1"}],"replies":[{"embeddable":true,"href":"https:\/\/dev.ouvreboite.fr\/marsatac\/wp-json\/wp\/v2\/comments?post=2518"}],"version-history":[{"count":11,"href":"https:\/\/dev.ouvreboite.fr\/marsatac\/wp-json\/wp\/v2\/pages\/2518\/revisions"}],"predecessor-version":[{"id":7852,"href":"https:\/\/dev.ouvreboite.fr\/marsatac\/wp-json\/wp\/v2\/pages\/2518\/revisions\/7852"}],"wp:attachment":[{"href":"https:\/\/dev.ouvreboite.fr\/marsatac\/wp-json\/wp\/v2\/media?parent=2518"}],"curies":[{"name":"wp","href":"https:\/\/api.w.org\/{rel}","templated":true}]}}