{"id":359,"date":"2021-09-20T22:16:22","date_gmt":"2021-09-20T20:16:22","guid":{"rendered":"https:\/\/dev.ouvreboite.fr\/lam\/?page_id=359"},"modified":"2021-09-22T11:13:47","modified_gmt":"2021-09-22T09:13:47","slug":"formations","status":"publish","type":"page","link":"https:\/\/dev.ouvreboite.fr\/lam\/formations\/","title":{"rendered":"Formations"},"content":{"rendered":"<p>L\u2019astronomie est une discipline en pleine expansion. Le 21\u00e8me si\u00e8cle nous apprendra peut-\u00eatre la nature et la composition de l\u2019\u00e9nergie noire et de la mati\u00e8re noire ; il nous permettra aussi peut-\u00eatre de d\u00e9couvrir d\u2019autres Terres autour d\u2019autres \u00e9toiles.<\/p>\n<p>L\u2019astrophysique est une science multidisciplinaire dont les outils sont la physique, les math\u00e9matiques, la chimie, la g\u00e9ophysique, la biologie\u2026 L\u2019astrophysique utilise et d\u00e9veloppe \u00e9galement de tr\u00e8s nombreuses technologies de pointe. Une formation en astrophysique offre donc un spectre tr\u00e8s large de comp\u00e9tences.<\/p>\n<p>Le LAM pilote les enseignements en Astrophysique de l\u2019universit\u00e9 d\u2019Aix-Marseille. Le LAM est \u00e9galement un acteur majeur des enseignements en optique et en instrumentation. D\u2019autre part, les enseignants-chercheurs du LAM participent aux enseignements g\u00e9n\u00e9raux en physique et math\u00e9matiques \u00e0 tous les niveaux (Licences, Masters et Doctorats).<\/p>\n","protected":false},"excerpt":{"rendered":"<p>L\u2019astronomie est une discipline en pleine expansion. Le 21\u00e8me si\u00e8cle nous apprendra peut-\u00eatre la nature et la composition de l\u2019\u00e9nergie noire et de la mati\u00e8re noire ; il nous permettra [&hellip;]<\/p>\n","protected":false},"author":1,"featured_media":0,"parent":0,"menu_order":37,"comment_status":"closed","ping_status":"closed","template":"page-templates\/list-card-souspages.php","meta":{"wp_mapbox_gl_js_media":[],"_genesis_hide_title":false,"_genesis_hide_breadcrumbs":false,"_genesis_hide_singular_image":false,"_genesis_hide_footer_widgets":false,"_genesis_custom_body_class":"","_genesis_custom_post_class":"","_genesis_layout":""},"nomequipe":[],"lang":"fr","translations":{"fr":359},"pll_sync_post":[],"_links":{"self":[{"href":"https:\/\/dev.ouvreboite.fr\/lam\/wp-json\/wp\/v2\/pages\/359"}],"collection":[{"href":"https:\/\/dev.ouvreboite.fr\/lam\/wp-json\/wp\/v2\/pages"}],"about":[{"href":"https:\/\/dev.ouvreboite.fr\/lam\/wp-json\/wp\/v2\/types\/page"}],"author":[{"embeddable":true,"href":"https:\/\/dev.ouvreboite.fr\/lam\/wp-json\/wp\/v2\/users\/1"}],"replies":[{"embeddable":true,"href":"https:\/\/dev.ouvreboite.fr\/lam\/wp-json\/wp\/v2\/comments?post=359"}],"version-history":[{"count":2,"href":"https:\/\/dev.ouvreboite.fr\/lam\/wp-json\/wp\/v2\/pages\/359\/revisions"}],"predecessor-version":[{"id":370,"href":"https:\/\/dev.ouvreboite.fr\/lam\/wp-json\/wp\/v2\/pages\/359\/revisions\/370"}],"wp:attachment":[{"href":"https:\/\/dev.ouvreboite.fr\/lam\/wp-json\/wp\/v2\/media?parent=359"}],"wp:term":[{"taxonomy":"nomequipe","embeddable":true,"href":"https:\/\/dev.ouvreboite.fr\/lam\/wp-json\/wp\/v2\/nomequipe?post=359"}],"curies":[{"name":"wp","href":"https:\/\/api.w.org\/{rel}","templated":true}]}}