{"id":181,"date":"2021-09-15T11:14:20","date_gmt":"2021-09-15T09:14:20","guid":{"rendered":"https:\/\/dev.ouvreboite.fr\/lam\/?page_id=181"},"modified":"2021-09-15T11:30:43","modified_gmt":"2021-09-15T09:30:43","slug":"centre-polaris","status":"publish","type":"page","link":"https:\/\/dev.ouvreboite.fr\/lam\/plateformes\/centre-polaris\/","title":{"rendered":"Centre POLARIS"},"content":{"rendered":"<p>Cette plate-forme technologique mutualis\u00e9e offre des moyens de polissage pour des optiques asph\u00e9riques jusqu\u2019\u00e0 2.5 m de diam\u00e8tre.<\/p>\n<p>Une voie particuli\u00e8rement bien adapt\u00e9e \u00e0 la r\u00e9alisation de grandes optiques tr\u00e8s asph\u00e9riques est la combinaison de deux m\u00e9thodes de pointe dans lesquelles le LAM et la Soci\u00e9t\u00e9 Thales SESO ont acquis des savoir-faire importants et internationalement reconnus : les m\u00e9thodes d\u2019optique active et de polissage robotis\u00e9 .<br \/>\nA partir de cette constatation le LAM et Thales SESO ont d\u00e9cid\u00e9 de mettre en place la plate forme technologique POLARIS (POLishing Active and Robotic Integrated System)<\/p>\n","protected":false},"excerpt":{"rendered":"<p>Cette plate-forme technologique mutualis\u00e9e offre des moyens de polissage pour des optiques asph\u00e9riques jusqu\u2019\u00e0 2.5 m de diam\u00e8tre. Une voie particuli\u00e8rement bien adapt\u00e9e \u00e0 la r\u00e9alisation de grandes optiques tr\u00e8s [&hellip;]<\/p>\n","protected":false},"author":1,"featured_media":0,"parent":177,"menu_order":19,"comment_status":"closed","ping_status":"closed","template":"","meta":{"wp_mapbox_gl_js_media":[],"_genesis_hide_title":false,"_genesis_hide_breadcrumbs":false,"_genesis_hide_singular_image":false,"_genesis_hide_footer_widgets":false,"_genesis_custom_body_class":"","_genesis_custom_post_class":"","_genesis_layout":""},"nomequipe":[],"lang":"fr","translations":{"fr":181},"pll_sync_post":[],"_links":{"self":[{"href":"https:\/\/dev.ouvreboite.fr\/lam\/wp-json\/wp\/v2\/pages\/181"}],"collection":[{"href":"https:\/\/dev.ouvreboite.fr\/lam\/wp-json\/wp\/v2\/pages"}],"about":[{"href":"https:\/\/dev.ouvreboite.fr\/lam\/wp-json\/wp\/v2\/types\/page"}],"author":[{"embeddable":true,"href":"https:\/\/dev.ouvreboite.fr\/lam\/wp-json\/wp\/v2\/users\/1"}],"replies":[{"embeddable":true,"href":"https:\/\/dev.ouvreboite.fr\/lam\/wp-json\/wp\/v2\/comments?post=181"}],"version-history":[{"count":3,"href":"https:\/\/dev.ouvreboite.fr\/lam\/wp-json\/wp\/v2\/pages\/181\/revisions"}],"predecessor-version":[{"id":193,"href":"https:\/\/dev.ouvreboite.fr\/lam\/wp-json\/wp\/v2\/pages\/181\/revisions\/193"}],"up":[{"embeddable":true,"href":"https:\/\/dev.ouvreboite.fr\/lam\/wp-json\/wp\/v2\/pages\/177"}],"wp:attachment":[{"href":"https:\/\/dev.ouvreboite.fr\/lam\/wp-json\/wp\/v2\/media?parent=181"}],"wp:term":[{"taxonomy":"nomequipe","embeddable":true,"href":"https:\/\/dev.ouvreboite.fr\/lam\/wp-json\/wp\/v2\/nomequipe?post=181"}],"curies":[{"name":"wp","href":"https:\/\/api.w.org\/{rel}","templated":true}]}}