{"id":82,"date":"2021-06-24T17:04:38","date_gmt":"2021-06-24T17:04:38","guid":{"rendered":"https:\/\/agency.marsatac-2023.local\/?page_id=82"},"modified":"2021-06-30T20:28:07","modified_gmt":"2021-06-30T20:28:07","slug":"partenaires","status":"publish","type":"page","link":"https:\/\/dev.ouvreboite.fr\/agency\/partenaires\/","title":{"rendered":"Partenaires"},"content":{"rendered":"<p>Devenir partenaire de Marsatac Agency c\u2019est participer \u00e0 l&#8217;\u00e9volution de notre agence mais \u00e9galement \u00e0 tout un \u00e9co-syst\u00e8me de jeunes artistes valeureux. C&#8217;est \u00e9galement le moyen d&#8217;offrir \u00e0 votre marque une visibilit\u00e9 large aupr\u00e8s de notre public riche et vari\u00e9.<\/p>\n<p>Quelque soit votre objectif \u00a0Marsatac Agency vous propose des solutions flexibles et \u00e0 la carte ou sous forme de package pour r\u00e9pondre au mieux \u00e0 vos besoins et envies.<\/p>\n<p>Pour d\u00e9couvrir nos offres contactez nous par mail \u00e0 <a href=\"mailto:contact@marsatac.agency\">contact@marsatac.agency<\/a><\/p>\n","protected":false},"excerpt":{"rendered":"<p>Devenir partenaire de Marsatac Agency c\u2019est participer \u00e0 l&#8217;\u00e9volution de notre agence mais \u00e9galement \u00e0 tout un \u00e9co-syst\u00e8me de jeunes artistes valeureux. C&#8217;est \u00e9galement le moyen d&#8217;offrir \u00e0 votre marque une visibilit\u00e9 large aupr\u00e8s de notre public riche et vari\u00e9. Quelque soit votre objectif \u00a0Marsatac Agency vous propose des solutions flexibles et \u00e0 la carte [&hellip;]<\/p>\n","protected":false},"author":9,"featured_media":0,"parent":0,"menu_order":8,"comment_status":"closed","ping_status":"closed","template":"page-templates\/partenaires.php","meta":{"inline_featured_image":false,"_genesis_hide_title":false,"_genesis_hide_breadcrumbs":false,"_genesis_hide_singular_image":false,"_genesis_hide_footer_widgets":false,"_genesis_custom_body_class":"","_genesis_custom_post_class":"","_genesis_layout":""},"acf":[],"_links":{"self":[{"href":"https:\/\/dev.ouvreboite.fr\/agency\/wp-json\/wp\/v2\/pages\/82"}],"collection":[{"href":"https:\/\/dev.ouvreboite.fr\/agency\/wp-json\/wp\/v2\/pages"}],"about":[{"href":"https:\/\/dev.ouvreboite.fr\/agency\/wp-json\/wp\/v2\/types\/page"}],"author":[{"embeddable":true,"href":"https:\/\/dev.ouvreboite.fr\/agency\/wp-json\/wp\/v2\/users\/9"}],"replies":[{"embeddable":true,"href":"https:\/\/dev.ouvreboite.fr\/agency\/wp-json\/wp\/v2\/comments?post=82"}],"version-history":[{"count":4,"href":"https:\/\/dev.ouvreboite.fr\/agency\/wp-json\/wp\/v2\/pages\/82\/revisions"}],"predecessor-version":[{"id":214,"href":"https:\/\/dev.ouvreboite.fr\/agency\/wp-json\/wp\/v2\/pages\/82\/revisions\/214"}],"wp:attachment":[{"href":"https:\/\/dev.ouvreboite.fr\/agency\/wp-json\/wp\/v2\/media?parent=82"}],"curies":[{"name":"wp","href":"https:\/\/api.w.org\/{rel}","templated":true}]}}